{"id":17783,"date":"2020-10-17T17:21:23","date_gmt":"2020-10-17T15:21:23","guid":{"rendered":"https:\/\/www.miniwelt24.de\/produkt\/ammo-by-mig-amig0105-washable-dust-ral-8000\/"},"modified":"2024-03-11T11:04:48","modified_gmt":"2024-03-11T10:04:48","slug":"ammo-by-mig-amig0105-washable-dust-ral-8000","status":"publish","type":"product","link":"https:\/\/www.miniwelt24.de\/vorruebergehend-geschlossen\/produkt\/ammo-by-mig-amig0105-washable-dust-ral-8000\/","title":{"rendered":"Ammo by Mig AMIG0105 &#8211; WASHABLE DUST (RAL 8000)"},"content":{"rendered":"<p>W\u00e4hrend des Zweiten Weltkriegs verwendet einige Armeen improvisierten Farben zu tarnen Fahrzeuge auf einigen Fronten, wie in Nordafrika und der Ostfront. Diese Farben wurden hergestellt durch Mischen von lokaler Erde mit einem Bindemittel wie \u00d6l, Benzin und anderen Produkte f\u00fcr die Anwendung auf vehicles.These Farben neigten schnell zu tragen aufgrund ihrer schlechten Qualit\u00e4t und gab das Auto ein sehr charakteristisches Aussehen. Regen oder Benutzung des Fahrzeugs wurde erodiert und das Tragen dieser Farbe progressiv. Diese Farbe wird mit diesem Produkt vertreten und produziert genau die gleichen Wirkungen wie die reale Farbe und es allm\u00e4hlich tragen kann mit einer B\u00fcrste und Wasser, um die Auswirkungen von Fahrzeugen dieser Epoche darstellen. Verwenden Sie diese Farbe, um die deutsche Armee in Afrika zu tarnen (DAK) oder Deutsch \u201eEarly\u201c Fahrzeuge in Mitteleuropa oder Russisch. Dieses Produkt ist Acryl und ist f\u00fcr eine maximale Leistung sowohl mit Pinsel oder Airbrush formuliert. Wasserl\u00f6sliche, geruchlos und ungiftig. Gut sch\u00fctteln vor jedem Gebrauch. Jedes Gef\u00e4\u00df enth\u00e4lt einen Edelstahl Agitator Mischung zu erleichtern. Wir empfehlen MIG -2000 Acryl-Verd\u00fcnnung f\u00fcr eine korrekte Verd\u00fcnnung.<\/p>\n","protected":false},"excerpt":{"rendered":"<p>Ammo by Mig AMIG0105 &#8211; WASHABLE DUST (RAL 8000)<\/p>\n","protected":false},"featured_media":17955,"template":"","meta":[],"product_brand":[],"product_cat":[4582,4541],"product_tag":[4542,5516,4543],"class_list":{"0":"post-17783","1":"product","2":"type-product","3":"status-publish","4":"has-post-thumbnail","6":"product_cat-ammo-by-mig","7":"product_cat-farben-pinsel-zubehoer","8":"product_tag-acrylfarbe","9":"product_tag-modellbaufarbe","10":"product_tag-wasserbasis","11":"product_shipping_class-warensendung","13":"first","14":"instock","15":"taxable","16":"shipping-taxable","17":"purchasable","18":"product-type-simple"},"_links":{"self":[{"href":"https:\/\/www.miniwelt24.de\/vorruebergehend-geschlossen\/wp-json\/wp\/v2\/product\/17783","targetHints":{"allow":["GET"]}}],"collection":[{"href":"https:\/\/www.miniwelt24.de\/vorruebergehend-geschlossen\/wp-json\/wp\/v2\/product"}],"about":[{"href":"https:\/\/www.miniwelt24.de\/vorruebergehend-geschlossen\/wp-json\/wp\/v2\/types\/product"}],"wp:featuredmedia":[{"embeddable":true,"href":"https:\/\/www.miniwelt24.de\/vorruebergehend-geschlossen\/wp-json\/wp\/v2\/media\/17955"}],"wp:attachment":[{"href":"https:\/\/www.miniwelt24.de\/vorruebergehend-geschlossen\/wp-json\/wp\/v2\/media?parent=17783"}],"wp:term":[{"taxonomy":"product_brand","embeddable":true,"href":"https:\/\/www.miniwelt24.de\/vorruebergehend-geschlossen\/wp-json\/wp\/v2\/product_brand?post=17783"},{"taxonomy":"product_cat","embeddable":true,"href":"https:\/\/www.miniwelt24.de\/vorruebergehend-geschlossen\/wp-json\/wp\/v2\/product_cat?post=17783"},{"taxonomy":"product_tag","embeddable":true,"href":"https:\/\/www.miniwelt24.de\/vorruebergehend-geschlossen\/wp-json\/wp\/v2\/product_tag?post=17783"}],"curies":[{"name":"wp","href":"https:\/\/api.w.org\/{rel}","templated":true}]}}