{"id":27661,"date":"2021-04-17T15:05:50","date_gmt":"2021-04-17T13:05:50","guid":{"rendered":"https:\/\/www.miniwelt24.de\/produkt\/wiking-037811-lemken-bestellkombination-bei-miniwelt24-in-crimmitschau-kaufen\/"},"modified":"2024-03-11T11:21:37","modified_gmt":"2024-03-11T10:21:37","slug":"wiking-037811-lemken-bestellkombination-bei-miniwelt24-in-crimmitschau-kaufen","status":"publish","type":"product","link":"https:\/\/www.miniwelt24.de\/vorruebergehend-geschlossen\/produkt\/wiking-037811-lemken-bestellkombination-bei-miniwelt24-in-crimmitschau-kaufen\/","title":{"rendered":"Wiking 037811 &#8211; Lemken Bestellkombination"},"content":{"rendered":"<p>Wenn der Landwirt den Acker mit Lemken bestellt Auf die Effizienz kommt es in der Landwirtschaft mehr denn je an. Und das ist auch der Grund, warum sich marktf\u00fchrende Spezialisten in einzelnen Landmaschinensegmenten herausgebildet haben. Lemken steht in der Bodenbearbeitung weit vorn und hat das Bestellen der \u00c4cker durch neueste Erkenntnisse in die Landmaschinen eingebracht. Die Bestellkombination Solitair 25 mit der angef\u00fcgten Kreiselegge Zirkon 12 sorgt f\u00fcr g\u00fcnstige Rahmenbedingungen beim Einbringen der Saat \u2013 in der 87-fachen Miniaturisierung ergibt sich in der Kombination mit einem topaktuellen WIKING-Schlepper eine spannende Landmaschinen-Kombination. Solitair mit Halterungsrahmen und Frontabdeckung grau, Beh\u00e4lter und r\u00fcckw\u00e4rtiger Rahmen himmelblau, Abdeckung rot, erste und zweite Rollen schwarz, seitliche Bedruckung Lemken &#038; Solitair 25 in wei\u00df. Zirkon mit vorderem und hinterem Rahmen mit Transmission sowie dritte Laufr\u00e4der himmelblau, seitliche Bedruckung mit wei\u00dfem Lemken-Schriftzug und heckseitige Bedruckung mit wei\u00dfem Lemken- und Zirkon 12-Schriftzug.<\/p>\n","protected":false},"excerpt":{"rendered":"<p>Lemken Bestellkombination<\/p>\n","protected":false},"featured_media":27722,"template":"","meta":[],"product_brand":[],"product_cat":[5478],"product_tag":[3207,5253,6062],"class_list":{"0":"post-27661","1":"product","2":"type-product","3":"status-publish","4":"has-post-thumbnail","6":"product_cat-landwirtschaft","7":"product_tag-fertigmodell","8":"product_tag-modellauto","9":"product_tag-sammlermodell","10":"product_shipping_class-dhl-paket","12":"first","13":"instock","14":"taxable","15":"shipping-taxable","16":"purchasable","17":"product-type-simple"},"_links":{"self":[{"href":"https:\/\/www.miniwelt24.de\/vorruebergehend-geschlossen\/wp-json\/wp\/v2\/product\/27661","targetHints":{"allow":["GET"]}}],"collection":[{"href":"https:\/\/www.miniwelt24.de\/vorruebergehend-geschlossen\/wp-json\/wp\/v2\/product"}],"about":[{"href":"https:\/\/www.miniwelt24.de\/vorruebergehend-geschlossen\/wp-json\/wp\/v2\/types\/product"}],"wp:featuredmedia":[{"embeddable":true,"href":"https:\/\/www.miniwelt24.de\/vorruebergehend-geschlossen\/wp-json\/wp\/v2\/media\/27722"}],"wp:attachment":[{"href":"https:\/\/www.miniwelt24.de\/vorruebergehend-geschlossen\/wp-json\/wp\/v2\/media?parent=27661"}],"wp:term":[{"taxonomy":"product_brand","embeddable":true,"href":"https:\/\/www.miniwelt24.de\/vorruebergehend-geschlossen\/wp-json\/wp\/v2\/product_brand?post=27661"},{"taxonomy":"product_cat","embeddable":true,"href":"https:\/\/www.miniwelt24.de\/vorruebergehend-geschlossen\/wp-json\/wp\/v2\/product_cat?post=27661"},{"taxonomy":"product_tag","embeddable":true,"href":"https:\/\/www.miniwelt24.de\/vorruebergehend-geschlossen\/wp-json\/wp\/v2\/product_tag?post=27661"}],"curies":[{"name":"wp","href":"https:\/\/api.w.org\/{rel}","templated":true}]}}