{"id":27999,"date":"2021-12-24T22:48:44","date_gmt":"2021-12-24T21:48:44","guid":{"rendered":"https:\/\/www.miniwelt24.de\/produkt\/siku-1944-streetscooter-modellauto-bei-miniwelt24-in-crimmitschau-kaufen\/"},"modified":"2025-04-28T21:21:06","modified_gmt":"2025-04-28T19:21:06","slug":"siku-1944-streetscooter-modellauto-bei-miniwelt24-in-crimmitschau-kaufen","status":"publish","type":"product","link":"https:\/\/www.miniwelt24.de\/vorruebergehend-geschlossen\/produkt\/siku-1944-streetscooter-modellauto-bei-miniwelt24-in-crimmitschau-kaufen\/","title":{"rendered":"Siku 1944 &#8211; Streetscooter"},"content":{"rendered":"<p>Die Post ist da! In St\u00e4dten kommt die Post nun elektrisch. Vom Streetscooter ist nur ein leises Surren zu h\u00f6ren. Der Elektrotransporter ist konsequent f\u00fcr die Anforderungen im Paketdienst gebaut. Kompakt, wendig und im Stadtverkehr auch z\u00fcgig unterwegs. Die eingesetzten Frontscheinwerfer unterstreichen das markante Frontdesign. Bei der detaillierten Miniatur im Ma\u00dfstab 1:50 sind Fahrerhaus und Chassis aus Metall gefertigt, zudem l\u00e4sst sich die  Heckklappe des Kofferaufbaus aus Kunststoff \u00f6ffnen.<\/p>\n","protected":false},"excerpt":{"rendered":"<p>Streetscooter<\/p>\n","protected":false},"featured_media":28053,"template":"","meta":[],"product_brand":[],"product_cat":[272],"product_tag":[3207,5253],"class_list":{"0":"post-27999","1":"product","2":"type-product","3":"status-publish","4":"has-post-thumbnail","6":"product_cat-modellauto","7":"product_tag-fertigmodell","8":"product_tag-modellauto","9":"product_shipping_class-dhl-paket","11":"first","12":"instock","13":"taxable","14":"shipping-taxable","15":"purchasable","16":"product-type-simple"},"_links":{"self":[{"href":"https:\/\/www.miniwelt24.de\/vorruebergehend-geschlossen\/wp-json\/wp\/v2\/product\/27999","targetHints":{"allow":["GET"]}}],"collection":[{"href":"https:\/\/www.miniwelt24.de\/vorruebergehend-geschlossen\/wp-json\/wp\/v2\/product"}],"about":[{"href":"https:\/\/www.miniwelt24.de\/vorruebergehend-geschlossen\/wp-json\/wp\/v2\/types\/product"}],"wp:featuredmedia":[{"embeddable":true,"href":"https:\/\/www.miniwelt24.de\/vorruebergehend-geschlossen\/wp-json\/wp\/v2\/media\/28053"}],"wp:attachment":[{"href":"https:\/\/www.miniwelt24.de\/vorruebergehend-geschlossen\/wp-json\/wp\/v2\/media?parent=27999"}],"wp:term":[{"taxonomy":"product_brand","embeddable":true,"href":"https:\/\/www.miniwelt24.de\/vorruebergehend-geschlossen\/wp-json\/wp\/v2\/product_brand?post=27999"},{"taxonomy":"product_cat","embeddable":true,"href":"https:\/\/www.miniwelt24.de\/vorruebergehend-geschlossen\/wp-json\/wp\/v2\/product_cat?post=27999"},{"taxonomy":"product_tag","embeddable":true,"href":"https:\/\/www.miniwelt24.de\/vorruebergehend-geschlossen\/wp-json\/wp\/v2\/product_tag?post=27999"}],"curies":[{"name":"wp","href":"https:\/\/api.w.org\/{rel}","templated":true}]}}