{"id":28085,"date":"2021-12-24T21:24:29","date_gmt":"2021-12-24T20:24:29","guid":{"rendered":"https:\/\/www.miniwelt24.de\/produkt\/siku-1396-new-holland-mit-frontlader-modellauto-bei-miniwelt24-in-crimmitschau-kaufen\/"},"modified":"2025-04-28T21:20:36","modified_gmt":"2025-04-28T19:20:36","slug":"siku-1396-new-holland-mit-frontlader-modellauto-bei-miniwelt24-in-crimmitschau-kaufen","status":"publish","type":"product","link":"https:\/\/www.miniwelt24.de\/vorruebergehend-geschlossen\/produkt\/siku-1396-new-holland-mit-frontlader-modellauto-bei-miniwelt24-in-crimmitschau-kaufen\/","title":{"rendered":"Siku 1396 &#8211; New Holland mit Frontlader"},"content":{"rendered":"<p>Wuchtiger Traktor mit Frontlader- Auf dem Hof gibt\u00e2\u20ac\u2122s immer etwas zu tun. Das ideale Arbeitsger\u00e4t und Zugmaschine ist der New Holland Traktor mit Frontlader. Damit lassen sich Heuballen und Silage aufladen, Viehfutter einlagern oder einfache Erdarbeiten ausf\u00fchren. Der Frontlader l\u00e4sst sich wirklichkeitsnah nach oben und unten bewegen, zudem kann die Kabine abgenommen werden. An die Anh\u00e4ngerkupplung lassen sich viele siku Anh\u00e4nger anbringen. Der wuchtige Traktor f\u00e4hrt auf gummierten Reifen im Design von New Holland vor.<\/p>\n","protected":false},"excerpt":{"rendered":"<p>New Holland mit Frontlader<\/p>\n","protected":false},"featured_media":28135,"template":"","meta":[],"product_brand":[],"product_cat":[272],"product_tag":[3207,3421,5253],"class_list":{"0":"post-28085","1":"product","2":"type-product","3":"status-publish","4":"has-post-thumbnail","6":"product_cat-modellauto","7":"product_tag-fertigmodell","8":"product_tag-landwirtschaft","9":"product_tag-modellauto","10":"product_shipping_class-warensendung","12":"first","13":"instock","14":"taxable","15":"shipping-taxable","16":"purchasable","17":"product-type-simple"},"_links":{"self":[{"href":"https:\/\/www.miniwelt24.de\/vorruebergehend-geschlossen\/wp-json\/wp\/v2\/product\/28085","targetHints":{"allow":["GET"]}}],"collection":[{"href":"https:\/\/www.miniwelt24.de\/vorruebergehend-geschlossen\/wp-json\/wp\/v2\/product"}],"about":[{"href":"https:\/\/www.miniwelt24.de\/vorruebergehend-geschlossen\/wp-json\/wp\/v2\/types\/product"}],"wp:featuredmedia":[{"embeddable":true,"href":"https:\/\/www.miniwelt24.de\/vorruebergehend-geschlossen\/wp-json\/wp\/v2\/media\/28135"}],"wp:attachment":[{"href":"https:\/\/www.miniwelt24.de\/vorruebergehend-geschlossen\/wp-json\/wp\/v2\/media?parent=28085"}],"wp:term":[{"taxonomy":"product_brand","embeddable":true,"href":"https:\/\/www.miniwelt24.de\/vorruebergehend-geschlossen\/wp-json\/wp\/v2\/product_brand?post=28085"},{"taxonomy":"product_cat","embeddable":true,"href":"https:\/\/www.miniwelt24.de\/vorruebergehend-geschlossen\/wp-json\/wp\/v2\/product_cat?post=28085"},{"taxonomy":"product_tag","embeddable":true,"href":"https:\/\/www.miniwelt24.de\/vorruebergehend-geschlossen\/wp-json\/wp\/v2\/product_tag?post=28085"}],"curies":[{"name":"wp","href":"https:\/\/api.w.org\/{rel}","templated":true}]}}