{"id":30172,"date":"2020-08-23T23:47:53","date_gmt":"2020-08-23T21:47:53","guid":{"rendered":"https:\/\/www.miniwelt24.de\/produkt\/vollmer-47610-n-lokschuppen-fuer-koef-einstaendig\/"},"modified":"2024-03-11T10:59:58","modified_gmt":"2024-03-11T09:59:58","slug":"vollmer-47610-n-lokschuppen-fuer-koef-einstaendig","status":"publish","type":"product","link":"https:\/\/www.miniwelt24.de\/vorruebergehend-geschlossen\/produkt\/vollmer-47610-n-lokschuppen-fuer-koef-einstaendig\/","title":{"rendered":"Vollmer 47610 &#8211; N Lokschuppen f\u00fcr K\u00f6f, einst\u00e4ndig"},"content":{"rendered":"<h1 class=\"product--title\" itemprop=\"name\"><span>47610<\/span> N Lokschuppen f&uuml;r K&ouml;f, einst&auml;ndig<\/h1>\n<p>Dieser Lokschuppen ist f&uuml;r kleine Diesellokomotiven der deutschen Reichsbahn und der deutschen Bundesbahn geeignet. Ma&szlig;e: L 7,3 x B 4 x H 5 cm.<\/p>\n<p>Hinweis: Modellbauartikel<\/p>\n","protected":false},"excerpt":{"rendered":"<p>N Lokschuppen f\u00fcr K\u00f6f, einst\u00e4ndig<\/p>\n","protected":false},"featured_media":30173,"template":"","meta":[],"product_brand":[],"product_cat":[343],"product_tag":[5247,5586],"class_list":{"0":"post-30172","1":"product","2":"type-product","3":"status-publish","4":"has-post-thumbnail","6":"product_cat-haeuser-u-figuren","7":"product_tag-modellbahn","8":"product_tag-vollmer","9":"product_shipping_class-dhl-paket","11":"first","12":"instock","13":"taxable","14":"shipping-taxable","15":"purchasable","16":"product-type-simple"},"_links":{"self":[{"href":"https:\/\/www.miniwelt24.de\/vorruebergehend-geschlossen\/wp-json\/wp\/v2\/product\/30172","targetHints":{"allow":["GET"]}}],"collection":[{"href":"https:\/\/www.miniwelt24.de\/vorruebergehend-geschlossen\/wp-json\/wp\/v2\/product"}],"about":[{"href":"https:\/\/www.miniwelt24.de\/vorruebergehend-geschlossen\/wp-json\/wp\/v2\/types\/product"}],"wp:featuredmedia":[{"embeddable":true,"href":"https:\/\/www.miniwelt24.de\/vorruebergehend-geschlossen\/wp-json\/wp\/v2\/media\/30173"}],"wp:attachment":[{"href":"https:\/\/www.miniwelt24.de\/vorruebergehend-geschlossen\/wp-json\/wp\/v2\/media?parent=30172"}],"wp:term":[{"taxonomy":"product_brand","embeddable":true,"href":"https:\/\/www.miniwelt24.de\/vorruebergehend-geschlossen\/wp-json\/wp\/v2\/product_brand?post=30172"},{"taxonomy":"product_cat","embeddable":true,"href":"https:\/\/www.miniwelt24.de\/vorruebergehend-geschlossen\/wp-json\/wp\/v2\/product_cat?post=30172"},{"taxonomy":"product_tag","embeddable":true,"href":"https:\/\/www.miniwelt24.de\/vorruebergehend-geschlossen\/wp-json\/wp\/v2\/product_tag?post=30172"}],"curies":[{"name":"wp","href":"https:\/\/api.w.org\/{rel}","templated":true}]}}