{"id":6669,"date":"2019-03-31T22:35:31","date_gmt":"2019-03-31T20:35:31","guid":{"rendered":"https:\/\/www.miniwelt24.de\/produkt\/gw-bl-04100181230-gaunts-geister-die-festung\/"},"modified":"2024-03-11T10:42:59","modified_gmt":"2024-03-11T09:42:59","slug":"gw-bl-04100181230-gaunts-geister-die-festung","status":"publish","type":"product","link":"https:\/\/www.miniwelt24.de\/vorruebergehend-geschlossen\/produkt\/gw-bl-04100181230-gaunts-geister-die-festung\/","title":{"rendered":"GW-BL-04100181230 &#8211; GAUNTS GEISTER: DIE FESTUNG"},"content":{"rendered":"<p>Gaunts Geister, Band 13<\/p>\n<p>Das Erste Tanith begibt sich auf eine verzweifelte Mission, die \u00fcber das Schicksal des gesamten Sabbat-Kreuzzuges entscheiden k\u00f6nnte.<\/p>\n<p>DIE GESCHICHTE<br \/>\nDie Geister des Ersten und Einzigen von Tanith standen schon lange nicht mehr an der Front. Dann werden sie eine Mission geschickt, f\u00fcr die ihre Talente wie geschaffen sind. Der Auftrag lautet, in eine entlegene und unzug\u00e4ngliche Festung einzudringen und Geheimnisse zu entwenden, die den Verlauf des Sabbat-Kreuzzuges ver\u00e4ndern k\u00f6nnen. Doch das geplante Unternehmen ist ein Himmelfahrtskommando und die Geister haben abseits der Front ihren Biss verloren. Verfolgt von den Phantomen der Vergangenheit und im Angesicht des Erzfeindes sehen Kommissar-Oberst Gaunt und seine Geister ihrer gr\u00f6\u00dften Heldentat entgegen &#8230; oder ihrer letzten Mission.<\/p>\n<p>Geschrieben von Dan Abnett. <\/p>\n","protected":false},"excerpt":{"rendered":"<p>Im 13. Band dieser beliebten Astra-Militarum-Reihe tun die Geister, was sie am besten k\u00f6nnen, und m\u00fcssen sich dramatischen Entwicklungen stellen.<\/p>\n","protected":false},"featured_media":30823,"template":"","meta":[],"product_brand":[],"product_cat":[1953,69],"product_tag":[6087,5707,5710,5520,5706,5708,5521],"class_list":{"0":"post-6669","1":"product","2":"type-product","3":"status-publish","4":"has-post-thumbnail","6":"product_cat-buecher-zeitschriften","7":"product_cat-table-top","8":"product_tag-6087","9":"product_tag-black","10":"product_tag-crimmitschau","11":"product_tag-games","12":"product_tag-gw","13":"product_tag-library","14":"product_tag-workshop","15":"product_shipping_class-dhl-paket","17":"first","18":"outofstock","19":"taxable","20":"shipping-taxable","21":"purchasable","22":"product-type-simple"},"_links":{"self":[{"href":"https:\/\/www.miniwelt24.de\/vorruebergehend-geschlossen\/wp-json\/wp\/v2\/product\/6669","targetHints":{"allow":["GET"]}}],"collection":[{"href":"https:\/\/www.miniwelt24.de\/vorruebergehend-geschlossen\/wp-json\/wp\/v2\/product"}],"about":[{"href":"https:\/\/www.miniwelt24.de\/vorruebergehend-geschlossen\/wp-json\/wp\/v2\/types\/product"}],"wp:featuredmedia":[{"embeddable":true,"href":"https:\/\/www.miniwelt24.de\/vorruebergehend-geschlossen\/wp-json\/wp\/v2\/media\/30823"}],"wp:attachment":[{"href":"https:\/\/www.miniwelt24.de\/vorruebergehend-geschlossen\/wp-json\/wp\/v2\/media?parent=6669"}],"wp:term":[{"taxonomy":"product_brand","embeddable":true,"href":"https:\/\/www.miniwelt24.de\/vorruebergehend-geschlossen\/wp-json\/wp\/v2\/product_brand?post=6669"},{"taxonomy":"product_cat","embeddable":true,"href":"https:\/\/www.miniwelt24.de\/vorruebergehend-geschlossen\/wp-json\/wp\/v2\/product_cat?post=6669"},{"taxonomy":"product_tag","embeddable":true,"href":"https:\/\/www.miniwelt24.de\/vorruebergehend-geschlossen\/wp-json\/wp\/v2\/product_tag?post=6669"}],"curies":[{"name":"wp","href":"https:\/\/api.w.org\/{rel}","templated":true}]}}